
What is the value of 5 - (32 - 26) - ((-1 - 0) + 1)?
-1
Evaluate 0 + 5 - 5 - 5 - (4 - -11).
-20
Calculate 0 + 3 - 4 - (3 - 3 - 2).
1
What is -8 + 2 + 6 + -3 + -1 + -9?
-13
What is 6 + -6 + -20 + 20?
0
Evaluate (-9 - -3) + 6 + (-13 - -12 - 25).
-26
Evaluate 15 + -1 + (-16 - (24 - 2)).
-24
4 - ((6 - 2) + 6) - (-14 - 3)
11
What is the value of (11 - (58 - 8)) + (2 - -14)?
-23
What is the value of 11 + (23 - 17 - 12)?
5
Calculate 1 + (9 - (2 - (-23 + 3 - -8))).
-4
What is -28 + 27 - (-3 - 1 - -7)?
-4
What is -8 + 21 + -9 + 1 + 1 - -7?
13
What is the value of -13 - (-17 + -1 + 4) - (1 - 0)?
0
What is the value of 18 - (-22 + 40) - (0 - (2 - 2))?
0
What is the value of -3 + -1 + (79 - 38 - 47)?
-10
What is -10 - -1 - (-19 + 26 - 14)?
-2
What is the value of 73 + 6 - 92 - (-1 + 1)?
-13
(-16 + 15 - 37) + 3
-35
What is -19 + 15 + (-4 + -1 - -10 - -17)?
18
What is the value of (-21 - 0) + 29 + 2?
10
What is the value of -10 + (-14 + 11 - -2)?
-11
What is 5 - (5 + -5 + (-3 - 3 - -8))?
3
1 - ((6 - -7) + -27 - 1)
16
What is 6 + -13 + (-7 - -12) - (-5 + 2)?
1
-4 + 16 + (8 - 24)
-4
Evaluate -1 - -2 - (-17 + (37 - 11)).
-8
Calculate 10 - (20 - 10 - 5).
5
125 - 130 - (1 - -5)
-11
What is -6 - (4 - (17 - (14 + -6 - 8)))?
7
What is 6 + (8 - 8) + (-5 - 0) + 6?
7
-2 + (0 - 4) + 75 + -41 + -9
19
(-25 - (29 - 47) - (7 + -3)) + 28
17
What is -21 + (28 - 33) + 41?
15
Calculate 0 - 10 - (-19 + -17 + 27) - 12.
-13
Evaluate (-16 - -5) + 16 + 6 + -26.
-15
Calculate (-13 + -8 - -19 - 6) + -27 + 1.
-34
Evaluate -5 - ((17 - 14) + 1).
-9
What is the value of 12 + -17 + (10 + -3 - 6)?
-4
Calculate 8 + (-14 - -4) + -12 + 10.
-4
What is 764 + -758 + 2 + (-2 - (13 - -2))?
-9
What is (0 - -3) + 55 + -64 + 24?
18
Evaluate -22 - (-6 - 5 - (-2 + -4 + 3)).
-14
-1 - 7 - (0 + -12 + 15 - 19)
8
What is -5 + (6 - (10 + -2 + -2 + -5))?
0
Calculate -8 + 15 + -16 + -20 - -14.
-15
Evaluate 13 + ((-9 - 5) + 7 - -7).
13
11 - 4 - (-3 - -5) - 0
5
Evaluate 10 + 0 + -53 + -18 + 38 - -2.
-21
Evaluate -8 + 0 - (28 - (20 - -9)).
-7
What is -2 + (9 - (5 - 11))?
13
What is (-3 - -4) + 6 + -9 + (-2 - 8)?
-12
(-12 + 5 - -2) + 3 + (0 - 0)
-2
What is 3 + (9 - (4 - -7) - 1)?
0
What is the value of -15 + 23 + 19 + -4?
23
What is the value of -15 + 12 + (7 - (-1 - -5)) + 10?
10
Evaluate (3151 - 3146) + -30 + 0 + 1.
-24
What is the value of -5 - (9 - ((-16 - (-9 - -1)) + 25))?
3
Evaluate (84 - 88 - (-1 + 11)) + 2 + -4.
-16
What is the value of (-17 - -1) + 10 + (-3 + -13 - -4)?
-18
What is (-5 - -4) + 67 + -59?
7
What is the value of 31 - (15 - (32 + -11 + 0))?
37
Calculate 14 - (-6 - (-3 + 11) - -10).
18
What is -20 + 4 - -13 - (-1 - (7 - 2))?
3
19 - (15 + -10 + -3 + -13)
30
What is the value of 1 - 9 - (2 - (-6 + 5 + 0))?
-11
What is -3 + (9 - (-1 - 3)) + 0?
10
Calculate -10 + -7 - (11 - 46) - (1 + 3).
14
What is -1 + 0 + (-8 - -17) - 16?
-8
What is the value of -8 + (-3 - -6) - -7?
2
What is -12 + (16 - 17) + -2 + (0 - -2)?
-13
What is the value of -5 - ((-2 - -4) + 3 - (108 + -81))?
17
What is the value of 5 + 0 + (9 - (8 + -2))?
8
What is the value of -53 - (34 + -85) - (-9 + 0 + 1)?
6
-54 + 59 + (-1 - 3) + 4
5
Calculate -4 + (3 - 10 - -10) + 13 + -6.
6
What is -56 + 36 + 15 + -16?
-21
Evaluate 11 - -4 - (87 + -66).
-6
Calculate -3 + 4 - (-235 + 224).
12
Evaluate 11 + -1 + -1 - 5.
4
Evaluate -12 - -40 - (7 + -13 - 2 - -2).
34
What is the value of 0 - -8 - (18 + (10 - 19 - 2))?
1
1 - (-11 - -15 - -6) - 18
-27
What is the value of 2 + (-3 - (-6 - -9)) - 8?
-12
23 + -16 - (2 + 11)
-6
Evaluate 7 - (-10 - -32) - (-2 + -1).
-12
Calculate (-12 - (-12 + 10)) + -1 + 19.
8
Evaluate (2 - -20) + (123 - 146).
-1
What is the value of (-4 - 19 - -23) + -2 + 10 + -1?
7
Evaluate 114 - 128 - (-3 + 2).
-13
Evaluate -16 + -6 + 23 + -4.
-3
What is 27 - (-16 + (-17 - -50))?
10
(1 - -32) + 74 + (-120 - -43)
30
What is the value of 18 + 5 + -11 - 12 - (-5 + 1)?
4
What is the value of -23 - (-4 - (-9 + 18) - -5)?
-15
Calculate 12 - (39 - (60 + -22) - (0 + -41)).
-30
8 - (51 + -32 - -11)
-22
What is the value of -6 - (7 + (-15 - 0 - -7) + 7)?
-12
Calculate 20 + 10 + -18 + -38.
-26
What is the value of -17 + (16 - 8) + 14 - 2?
3
(-40 - -44) + (-7 - (-1 + 0)) - 14
-16
Calculate -1 + 20 - (-32 + 25 + 12).
14
What is 24 - (0 + 9 - -2 - (-78 - -88))?
23
What is the value of 37 + 6 + 8 - 28?
23
What is (-2 - (-1 - -5)) + 11 + (7 - 14)?
-2
Calculate 12 - 7 - (18 - 2) - (-1 + 3).
-13
What is -5 + 41 + -60 + 49?
25
1 + -1 + -3 + -13
-16
What is the value of -10 - -11 - -2 - (-17 - -55)?
-35
What is 0 - -9 - (393 - 381)?
-3
Evaluate -4 - (8 + -1 - (-22 - (19 + -37))).
-15
Calculate (0 - 0) + (0 + 5 + -5 - 6).
-6
What is -2 + (-15 - -4) - -16?
3
Evaluate 8 + -51 + 1 + 34.
-8
Evaluate -31 + 17 - (4 - 9 - (-2 - -2)).
-9
What is (-36 - -63) + (-51 - -2)?
-22
What is the value of -16 + 7 + (14 - 14)?
-9
What is the value of (-21 + 5 - -15) + 8?
7
What is the value of 36 - (12 + (-8 - (11 - (-3 + 22))))?
24
What is -40 + 44 + (0 - 6) + 4?
2
What is the value of -3 - (18 - -17 - 33)?
-5
(-2 - 15) + (-201 - -214)
-4
-3 - 8 - (-272 + 278)
-17
What is the value of 0 - (-13 + 3) - (6 - -5)?
-1
What is (-6 - (2 + -28 - 2)) + (12 - 13)?
21
What is the value of 1 + -4 - (106 - 99)?
-10
What is the value of (127 - 121) + (-7 - -5)?
4
1 + -6 + -1 - ((3 - -1) + 4)
-14
What is the value of (0 - 19) + (55 + -19 - 13)?
4
11 + -12 + (5 - (-6 - -5))
5
-1 + 24 + -13 - (0 + 0)
10
What is -80 - -80 - (-2 - -5)?
-3
What is -12 + 35 - 0 - -4?
27
Calculate (1 + -14 + 18 - (9 + 1)) + -8.
-13
What is the value of -1 + 1 + (71 - 57 - (0 + 10))?
4
Calculate 16 + (-6 - 0) + (-44 - -42).
8
What is the value of -33 - ((17 - -13) + -32)?
-31
What is (4 - (4 + (4 - -1))) + 27?
22
Calculate -24 - (25 + -57 - -14).
-6
Evaluate (-6 + 0 - (1 - 6 - -3)) + 15.
11
What is the value of (-25 - 1) + 30 + 52 + -69?
-13
What is the value of -1 - 3 - (855 + -839)?
-20
What is -107 + 77 + (0 - -25)?
-5
529 + -529 + -1 + -10
-11
What is the value of (29 - 7) + -20 - (4 - 1)?
-1
What is the value of -18 + (27 + -40 - -21)?
-10
What is -481 + 464 - (3 - 12)?
-8
Calculate -15 - (50 + (-89 - -47) + 1 + -8).
-16
What is 10 - (27 - 13) - (-30 + 2)?
24
Calculate (-24 - (19 - 46)) + -2 + 3 + -9.
-5
Calculate 9 + -1 - (30 + -8).
-14
Evaluate -10 - ((12 - 2) + -11).
-9
-7 + 0 + (108 - 89)
12
Calculate -3 - (-9 - 15) - (31 + -27).
17
101 + -104 - ((-1 - 3) + 16)
-15
What is 9 + 11 - (4 - (2 - 3 - -11))?
26
What is 13 - (13 - (-7 + 5))?
-2
Calculate 3 - (3 + 5 + (7 - 14)).
2
-1 - -11 - (4 - (-4 - -2))
4
-2 + 0 + 15 + -7 + 11 + 4
21
Evaluate 1 + 11 + -24 + 31.
19
What is 14 + -6 + 2 + (-2 - 8) - 6?
-6
What is -3 - -6 - 7 - -4 - -8?
8
What is -17 - ((12 - 21) + -26)?
18
Evaluate 30 + -25 - 28 - -42.
19
Calculate (-13 - -16) + (5 - 29).
-21
Evaluate 4 + (-8 - (7 + -8)).
-3
What is the value of -1 - (-13 + (1 - -4)) - 6 - 6?
-5
7 - (-1 - 5 - (6 - 11)) - 21
-13
0 - (15 + 19 + -35 + (19 - 3))
-15
Evaluate -158 + 161 + (-4 - (-2 - -5)).
-4
(3 - (26 + 0)) + -3 + -17 + 14
-29
-5 + (3 - ((-1 - 15) + 23))
-9
What is -4 + (-7 - -36) + -25?
0
Calculate -7 - (0 - 1) - (-726 - -719).
1
What is (-1 - 2) + 1 + (2 - -7) + -7?
0
What is (-10 + 3 - -4) + -1 + 8 + -2?
2
0 + (9 - 1) + 6
14
Calculate -6 + (-16 - -21) + 8.
7
What is (4 - (8 + -14)) + -22 - -3?
-9
What is (10 - (47 + -33)) + 36?
32
Calculate 35 + (1 - -10 - 82).
-36
358 + -370 + (-1 - -14)
1
What is the value of (-31 - -5) + 4 + -37 + 15 + 12?
-32
-3 + -5 + 2 + (-8 - -12) + 7
5
What is 7 + (9 - (8 + -1)) + 0?
9
Evaluate (14 - -15 - 23 - (-21 + 1)) + 10.
36
What is 41 + -21 + -41 - -49?
28
(7 - (5 - 3)) + -35 + 27
-3
3 - (3 + (5 - 2)) - (9 + -15)
3
Calculate (12 + 1 - (-1 + 7 + -2)) + -3.
6
What is the value of -22 + (15 - (-12 - 6))?
11
What is the value of 25 + (-13 - 3) - 16?
-7
What is -1 + 2 + 7 + -15 + -11?
-18
-26 + (4 + (0 - 9) + -2 - 1)
-34
(-1 + 1 - -15) + -34 + 26
7
37 + 5 + 16 + -43
15
Evaluate (9 - 8) + 3 + 12 - 5.
11
What is -1 + (0 - 0) + -262 + 272?
9
Evaluate (-19 + 14 - -1) + 18.
14
Calculate 28 + (-1 - 1) - 18.
8
Evaluate -14 - (-12 + -10) - ((-3 - -1) + 18).
-8
What is the value of 3 - (25 - 27 - (1 - 10))?
-4
Evaluate (-4 - 3) + 1 + (-4 - 25 - -67).
32
What is the value of -7 + (-9 + 12 + -9 - 1) + 3?
-11
Calculate 25 + (-1 + -19 - (-7 +